{"id":651,"date":"2021-04-01T07:30:39","date_gmt":"2021-04-01T07:30:39","guid":{"rendered":"https:\/\/europackwine.staging-lab.co\/mon-compte\/"},"modified":"2024-09-24T09:47:59","modified_gmt":"2024-09-24T09:47:59","slug":"mon-compte","status":"publish","type":"page","link":"https:\/\/europackwine.fr\/de\/mon-compte\/","title":{"rendered":"Mein Konto"},"content":{"rendered":"[et_pb_section fb_built=\u00a0\u00bb1&Prime; _builder_version=\u00a0\u00bb4.24.2&Prime; _module_preset=\u00a0\u00bbdefault\u00a0\u00bb background_color=\u00a0\u00bbrgba(0,0,0,0.43)\u00a0\u00bb background_image=\u00a0\u00bbhttp:\/\/europackwine.fr\/wp-content\/uploads\/2021\/03\/EuroPackWine-Web-21-scaled.jpeg\u00a0\u00bb background_blend=\u00a0\u00bboverlay\u00a0\u00bb custom_padding=\u00a0\u00bb121px||165px|||\u00a0\u00bb global_colors_info=\u00a0\u00bb{}\u00a0\u00bb][et_pb_row _builder_version=\u00a0\u00bb4.24.2&Prime; _module_preset=\u00a0\u00bbdefault\u00a0\u00bb global_colors_info=\u00a0\u00bb{}\u00a0\u00bb][et_pb_column type=\u00a0\u00bb4_4&Prime; _builder_version=\u00a0\u00bb4.24.2&Prime; _module_preset=\u00a0\u00bbdefault\u00a0\u00bb global_colors_info=\u00a0\u00bb{}\u00a0\u00bb][et_pb_text _builder_version=\u00a0\u00bb4.24.2&Prime; _module_preset=\u00a0\u00bbdefault\u00a0\u00bb text_font=\u00a0\u00bb|||on|||||\u00a0\u00bb text_font_size=\u00a0\u00bb20px\u00a0\u00bb header_font=\u00a0\u00bb|600||on|||||\u00a0\u00bb header_text_color=\u00a0\u00bb#FFFFFF\u00a0\u00bb header_font_size=\u00a0\u00bb49px\u00a0\u00bb header_2_font_size=\u00a0\u00bb31px\u00a0\u00bb header_text_shadow_style=\u00a0\u00bbpreset1&Prime; global_colors_info=\u00a0\u00bb{}\u00a0\u00bb]<h1 data-sourcepos=\"1:1-1:56\" style=\"text-align: center;\">Mon Compte<\/h1>[\/et_pb_text][\/et_pb_column][\/et_pb_row][\/et_pb_section][et_pb_section fb_built=\u00a0\u00bb1&Prime; disabled_on=\u00a0\u00bbon|off|off\u00a0\u00bb _builder_version=\u00a0\u00bb4.24.2&Prime; _module_preset=\u00a0\u00bbdefault\u00a0\u00bb background_color=\u00a0\u00bb#efefef\u00a0\u00bb custom_padding=\u00a0\u00bb2px|||||\u00a0\u00bb global_colors_info=\u00a0\u00bb{}\u00a0\u00bb][et_pb_row use_custom_gutter=\u00a0\u00bbon\u00a0\u00bb gutter_width=\u00a0\u00bb2&Prime; make_equal=\u00a0\u00bbon\u00a0\u00bb custom_padding_last_edited=\u00a0\u00bbon|phone\u00a0\u00bb _builder_version=\u00a0\u00bb4.24.2&Prime; _module_preset=\u00a0\u00bbdefault\u00a0\u00bb background_color=\u00a0\u00bb#FFFFFF\u00a0\u00bb width=\u00a0\u00bb100%\u00a0\u00bb width_tablet=\u00a0\u00bb90%\u00a0\u00bb width_phone=\u00a0\u00bb100%\u00a0\u00bb width_last_edited=\u00a0\u00bboff|desktop\u00a0\u00bb custom_margin=\u00a0\u00bb-101px||||false|false\u00a0\u00bb custom_margin_tablet=\u00a0\u00bb\u00a0\u00bb custom_margin_phone=\u00a0\u00bb\u00a0\u00bb custom_margin_last_edited=\u00a0\u00bbon|tablet\u00a0\u00bb custom_padding=\u00a0\u00bb6px|40px|32px|40px|false|false\u00a0\u00bb custom_padding_tablet=\u00a0\u00bb0px||0px||false|false\u00a0\u00bb custom_padding_phone=\u00a0\u00bb\u00a0\u00bb animation_style=\u00a0\u00bbslide\u00a0\u00bb animation_direction=\u00a0\u00bbbottom\u00a0\u00bb animation_duration=\u00a0\u00bb2000ms\u00a0\u00bb animation_delay=\u00a0\u00bb200ms\u00a0\u00bb animation_intensity_slide=\u00a0\u00bb2%\u00a0\u00bb animation_starting_opacity=\u00a0\u00bb100%\u00a0\u00bb box_shadow_style=\u00a0\u00bbpreset3&Prime; global_colors_info=\u00a0\u00bb{}\u00a0\u00bb][et_pb_column type=\u00a0\u00bb4_4&Prime; _builder_version=\u00a0\u00bb4.16&Prime; _module_preset=\u00a0\u00bbdefault\u00a0\u00bb custom_padding=\u00a0\u00bb60px|0px|0px|0px|false|false\u00a0\u00bb global_colors_info=\u00a0\u00bb{}\u00a0\u00bb][et_pb_text _builder_version=\u00a0\u00bb4.16&Prime; background_size=\u00a0\u00bbinitial\u00a0\u00bb background_position=\u00a0\u00bbtop_left\u00a0\u00bb background_repeat=\u00a0\u00bbrepeat\u00a0\u00bb global_colors_info=\u00a0\u00bb{}\u00a0\u00bb]<div class=\"woocommerce\"><\/div>\n\r[\/et_pb_text][\/et_pb_column][\/et_pb_row][et_pb_row _builder_version=\u00a0\u00bb4.16&Prime; _module_preset=\u00a0\u00bbdefault\u00a0\u00bb global_colors_info=\u00a0\u00bb{}\u00a0\u00bb][et_pb_column type=\u00a0\u00bb4_4&Prime; _builder_version=\u00a0\u00bb4.16&Prime; _module_preset=\u00a0\u00bbdefault\u00a0\u00bb global_colors_info=\u00a0\u00bb{}\u00a0\u00bb][et_pb_cta title=\u00a0\u00bbNos engagements\u00a0\u00bb button_text=\u00a0\u00bbClick Here\u00a0\u00bb _builder_version=\u00a0\u00bb4.24.2&Prime; _module_preset=\u00a0\u00bbdefault\u00a0\u00bb header_font=\u00a0\u00bb|||on|||||\u00a0\u00bb header_text_align=\u00a0\u00bbcenter\u00a0\u00bb header_text_color=\u00a0\u00bbgcid-fd36f63e-9408-4d0a-9f19-0bd5209dc9bd\u00a0\u00bb header_font_size=\u00a0\u00bb18px\u00a0\u00bb header_letter_spacing=\u00a0\u00bb2px\u00a0\u00bb body_font=\u00a0\u00bb|700|||||||\u00a0\u00bb body_text_align=\u00a0\u00bbcenter\u00a0\u00bb body_text_color=\u00a0\u00bbgcid-2d6eafff-7982-471f-86f7-508420bf5d88&Prime; body_font_size=\u00a0\u00bb46px\u00a0\u00bb body_line_height=\u00a0\u00bb1em\u00a0\u00bb background_color=\u00a0\u00bbrgba(0,0,0,0)\u00a0\u00bb custom_margin=\u00a0\u00bb||0px||false|false\u00a0\u00bb custom_padding=\u00a0\u00bb||0px|0px|false|false\u00a0\u00bb body_font_size_tablet=\u00a0\u00bb\u00a0\u00bb body_font_size_phone=\u00a0\u00bb34px\u00a0\u00bb body_font_size_last_edited=\u00a0\u00bbon|phone\u00a0\u00bb global_colors_info=\u00a0\u00bb{%22gcid-2d6eafff-7982-471f-86f7-508420bf5d88%22:%91%22body_text_color%22%93,%22gcid-fd36f63e-9408-4d0a-9f19-0bd5209dc9bd%22:%91%22header_text_color%22%93}\u00a0\u00bb]<p>Nos engagements pour l&rsquo;avenir<\/p>[\/et_pb_cta][\/et_pb_column][\/et_pb_row][et_pb_row column_structure=\u00a0\u00bb1_4,1_4,1_4,1_4&Prime; use_custom_gutter=\u00a0\u00bbon\u00a0\u00bb gutter_width=\u00a0\u00bb1&Prime; _builder_version=\u00a0\u00bb4.24.2&Prime; _module_preset=\u00a0\u00bbdefault\u00a0\u00bb global_colors_info=\u00a0\u00bb{}\u00a0\u00bb][et_pb_column type=\u00a0\u00bb1_4&Prime; _builder_version=\u00a0\u00bb4.24.2&Prime; _module_preset=\u00a0\u00bbdefault\u00a0\u00bb custom_padding=\u00a0\u00bb20px|20px|20px|20px|false|false\u00a0\u00bb border_width_all=\u00a0\u00bb1px\u00a0\u00bb border_color_all=\u00a0\u00bbgcid-fd36f63e-9408-4d0a-9f19-0bd5209dc9bd\u00a0\u00bb global_colors_info=\u00a0\u00bb{%22gcid-fd36f63e-9408-4d0a-9f19-0bd5209dc9bd%22:%91%22border_color_all%22%93}\u00a0\u00bb][et_pb_blurb title=\u00a0\u00bbFabriqu\u00e9 en France\u00a0\u00bb image=\u00a0\u00bbhttp:\/\/europackwine.fr\/wp-content\/uploads\/2024\/02\/Fabirque-en-france.jpg\u00a0\u00bb _builder_version=\u00a0\u00bb4.27.0&Prime; _module_preset=\u00a0\u00bbdefault\u00a0\u00bb filter_saturate=\u00a0\u00bb0%\u00a0\u00bb hover_enabled=\u00a0\u00bb0&Prime; global_colors_info=\u00a0\u00bb{}\u00a0\u00bb filter_saturate__hover_enabled=\u00a0\u00bbon|hover\u00a0\u00bb filter_saturate__hover=\u00a0\u00bb100%\u00a0\u00bb sticky_enabled=\u00a0\u00bb0&Prime;]<p style=\"text-align: justify;\">Nous assurons un circuit court avec une production de nos emballages r\u00e9alis\u00e9s en France.<\/p>[\/et_pb_blurb][\/et_pb_column][et_pb_column type=\u00a0\u00bb1_4&Prime; _builder_version=\u00a0\u00bb4.24.2&Prime; _module_preset=\u00a0\u00bbdefault\u00a0\u00bb custom_padding=\u00a0\u00bb20px|20px|20px|20px|false|false\u00a0\u00bb border_width_all=\u00a0\u00bb1px\u00a0\u00bb border_color_all=\u00a0\u00bbgcid-fd36f63e-9408-4d0a-9f19-0bd5209dc9bd\u00a0\u00bb global_colors_info=\u00a0\u00bb{%22gcid-fd36f63e-9408-4d0a-9f19-0bd5209dc9bd%22:%91%22border_color_all%22%93}\u00a0\u00bb][et_pb_blurb title=\u00a0\u00bbRecyclable\u00a0\u00bb image=\u00a0\u00bbhttp:\/\/europackwine.fr\/wp-content\/uploads\/2024\/02\/100-recyclage.jpg\u00a0\u00bb _builder_version=\u00a0\u00bb4.24.2&Prime; _module_preset=\u00a0\u00bbdefault\u00a0\u00bb filter_saturate=\u00a0\u00bb0%\u00a0\u00bb global_colors_info=\u00a0\u00bb{}\u00a0\u00bb filter_saturate__hover_enabled=\u00a0\u00bbon|hover\u00a0\u00bb filter_saturate__hover=\u00a0\u00bb100%\u00a0\u00bb]<p style=\"text-align: justify;\">Que ce soit les coffrets ou le carton, tous nos emballages sont 100% recyclables.<\/p>[\/et_pb_blurb][\/et_pb_column][et_pb_column type=\u00a0\u00bb1_4&Prime; _builder_version=\u00a0\u00bb4.24.2&Prime; _module_preset=\u00a0\u00bbdefault\u00a0\u00bb custom_padding=\u00a0\u00bb20px|20px|20px|20px|false|false\u00a0\u00bb border_width_all=\u00a0\u00bb1px\u00a0\u00bb border_color_all=\u00a0\u00bbgcid-fd36f63e-9408-4d0a-9f19-0bd5209dc9bd\u00a0\u00bb global_colors_info=\u00a0\u00bb{%22gcid-fd36f63e-9408-4d0a-9f19-0bd5209dc9bd%22:%91%22border_color_all%22%93}\u00a0\u00bb][et_pb_blurb title=\u00a0\u00bbPr\u00e9servons les for\u00eats\u00a0\u00bb image=\u00a0\u00bbhttp:\/\/europackwine.fr\/wp-content\/uploads\/2024\/02\/3-b-USAGES-DE-LA-MARQUE-FSC-Logo-dfptpt-1.jpg\u00a0\u00bb _builder_version=\u00a0\u00bb4.27.0&Prime; _module_preset=\u00a0\u00bbdefault\u00a0\u00bb filter_saturate=\u00a0\u00bb0%\u00a0\u00bb hover_enabled=\u00a0\u00bb0&Prime; global_colors_info=\u00a0\u00bb{}\u00a0\u00bb filter_saturate__hover_enabled=\u00a0\u00bbon|hover\u00a0\u00bb filter_saturate__hover=\u00a0\u00bb100%\u00a0\u00bb sticky_enabled=\u00a0\u00bb0&Prime;]<p style=\"text-align: justify;\"><span>Nos cartons sont produits de mani\u00e8re \u00e9co-responsable dans des for\u00eats g\u00e9r\u00e9es durablement.<\/span><\/p>[\/et_pb_blurb][\/et_pb_column][et_pb_column type=\u00a0\u00bb1_4&Prime; _builder_version=\u00a0\u00bb4.24.2&Prime; _module_preset=\u00a0\u00bbdefault\u00a0\u00bb custom_padding=\u00a0\u00bb20px|20px|20px|20px|false|false\u00a0\u00bb border_width_all=\u00a0\u00bb1px\u00a0\u00bb border_color_all=\u00a0\u00bbgcid-fd36f63e-9408-4d0a-9f19-0bd5209dc9bd\u00a0\u00bb global_colors_info=\u00a0\u00bb{%22gcid-fd36f63e-9408-4d0a-9f19-0bd5209dc9bd%22:%91%22border_color_all%22%93}\u00a0\u00bb][et_pb_blurb title=\u00a0\u00bbR\u00e9duction carbone\u00a0\u00bb image=\u00a0\u00bbhttp:\/\/europackwine.fr\/wp-content\/uploads\/2024\/03\/Impact-carbon-copie.jpg\u00a0\u00bb _builder_version=\u00a0\u00bb4.27.0&Prime; _module_preset=\u00a0\u00bbdefault\u00a0\u00bb filter_saturate=\u00a0\u00bb0%\u00a0\u00bb hover_enabled=\u00a0\u00bb0&Prime; global_colors_info=\u00a0\u00bb{}\u00a0\u00bb filter_saturate__hover_enabled=\u00a0\u00bbon|hover\u00a0\u00bb filter_saturate__hover=\u00a0\u00bb100%\u00a0\u00bb sticky_enabled=\u00a0\u00bb0&Prime;]<p style=\"text-align: justify;\">Chaque livraison, chaque transport est pens\u00e9 pour limiter les voyages \u00e0 vide.<\/p>[\/et_pb_blurb][\/et_pb_column][\/et_pb_row][\/et_pb_section]","protected":false},"excerpt":{"rendered":"<p>Mein Konto <div class=\"woocommerce\"><\/div> Nos engagements pour l&rsquo;avenirNous assurons un circuit court avec une production de nos emballages r\u00e9alis\u00e9s en France.Que ce soit les coffrets ou le carton, tous nos emballages sont 100% recyclables.Nos cartons sont produits de mani\u00e8re \u00e9co-responsable dans des for\u00eats g\u00e9r\u00e9es durablement.Chaque livraison, chaque transport est pens\u00e9 pour limiter les voyages \u00e0 vide.<\/p>","protected":false},"author":4,"featured_media":0,"parent":0,"menu_order":0,"comment_status":"closed","ping_status":"closed","template":"","meta":{"_et_pb_use_builder":"on","_et_pb_old_content":"<!-- wp:shortcode -->\r\n<p>[woocommerce_my_account]<\/p>\r\n<!-- \/wp:shortcode -->","_et_gb_content_width":"","footnotes":""},"dipi_cpt_category":[],"class_list":["post-651","page","type-page","status-publish","hentry"],"_links":{"self":[{"href":"https:\/\/europackwine.fr\/de\/wp-json\/wp\/v2\/pages\/651","targetHints":{"allow":["GET"]}}],"collection":[{"href":"https:\/\/europackwine.fr\/de\/wp-json\/wp\/v2\/pages"}],"about":[{"href":"https:\/\/europackwine.fr\/de\/wp-json\/wp\/v2\/types\/page"}],"author":[{"embeddable":true,"href":"https:\/\/europackwine.fr\/de\/wp-json\/wp\/v2\/users\/4"}],"replies":[{"embeddable":true,"href":"https:\/\/europackwine.fr\/de\/wp-json\/wp\/v2\/comments?post=651"}],"version-history":[{"count":2,"href":"https:\/\/europackwine.fr\/de\/wp-json\/wp\/v2\/pages\/651\/revisions"}],"predecessor-version":[{"id":8831,"href":"https:\/\/europackwine.fr\/de\/wp-json\/wp\/v2\/pages\/651\/revisions\/8831"}],"wp:attachment":[{"href":"https:\/\/europackwine.fr\/de\/wp-json\/wp\/v2\/media?parent=651"}],"wp:term":[{"taxonomy":"dipi_cpt_category","embeddable":true,"href":"https:\/\/europackwine.fr\/de\/wp-json\/wp\/v2\/dipi_cpt_category?post=651"}],"curies":[{"name":"wp","href":"https:\/\/api.w.org\/{rel}","templated":true}]}}

[et_pb_section fb_built= »1&Prime; _builder_version= »4.24.2&Prime; _module_preset= »default » background_color= »rgba(0,0,0,0.43) » background_image= »http://europackwine.fr/wp-content/uploads/2021/03/EuroPackWine-Web-21-scaled.jpeg » background_blend= »overlay » custom_padding= »121px||165px||| » global_colors_info= »{} »][et_pb_row _builder_version= »4.24.2&Prime; _module_preset= »default » global_colors_info= »{} »][et_pb_column type= »4_4&Prime; _builder_version= »4.24.2&Prime; _module_preset= »default » global_colors_info= »{} »][et_pb_text _builder_version= »4.24.2&Prime; _module_preset= »default » text_font= »|||on||||| » text_font_size= »20px » header_font= »|600||on||||| » header_text_color= »#FFFFFF » header_font_size= »49px » header_2_font_size= »31px » header_text_shadow_style= »preset1&Prime; global_colors_info= »{} »]<h1 data-sourcepos="1:1-1:56" style="text-align: center;">Mon Compte</h1>[/et_pb_text][/et_pb_column][/et_pb_row][/et_pb_section][et_pb_section fb_built= »1&Prime; disabled_on= »on|off|off » _builder_version= »4.24.2&Prime; _module_preset= »default » background_color= »#efefef » custom_padding= »2px||||| » global_colors_info= »{} »][et_pb_row use_custom_gutter= »on » gutter_width= »2&Prime; make_equal= »on » custom_padding_last_edited= »on|phone » _builder_version= »4.24.2&Prime; _module_preset= »default » background_color= »#FFFFFF » width= »100% » width_tablet= »90% » width_phone= »100% » width_last_edited= »off|desktop » custom_margin= »-101px||||false|false » custom_margin_tablet= » » custom_margin_phone= » » custom_margin_last_edited= »on|tablet » custom_padding= »6px|40px|32px|40px|false|false » custom_padding_tablet= »0px||0px||false|false » custom_padding_phone= » » animation_style= »slide » animation_direction= »bottom » animation_duration= »2000ms » animation_delay= »200ms » animation_intensity_slide= »2% » animation_starting_opacity= »100% » box_shadow_style= »preset3&Prime; global_colors_info= »{} »][et_pb_column type= »4_4&Prime; _builder_version= »4.16&Prime; _module_preset= »default » custom_padding= »60px|0px|0px|0px|false|false » global_colors_info= »{} »][et_pb_text _builder_version= »4.16&Prime; background_size= »initial » background_position= »top_left » background_repeat= »repeat » global_colors_info= »{} »]<div class="woocommerce"></div>
[/et_pb_text][/et_pb_column][/et_pb_row][et_pb_row _builder_version= »4.16&Prime; _module_preset= »default » global_colors_info= »{} »][et_pb_column type= »4_4&Prime; _builder_version= »4.16&Prime; _module_preset= »default » global_colors_info= »{} »][et_pb_cta title= »Nos engagements » button_text= »Click Here » _builder_version= »4.24.2&Prime; _module_preset= »default » header_font= »|||on||||| » header_text_align= »center » header_text_color= »gcid-fd36f63e-9408-4d0a-9f19-0bd5209dc9bd » header_font_size= »18px » header_letter_spacing= »2px » body_font= »|700||||||| » body_text_align= »center » body_text_color= »gcid-2d6eafff-7982-471f-86f7-508420bf5d88&Prime; body_font_size= »46px » body_line_height= »1em » background_color= »rgba(0,0,0,0) » custom_margin= »||0px||false|false » custom_padding= »||0px|0px|false|false » body_font_size_tablet= » » body_font_size_phone= »34px » body_font_size_last_edited= »on|phone » global_colors_info= »{%22gcid-2d6eafff-7982-471f-86f7-508420bf5d88%22:%91%22body_text_color%22%93,%22gcid-fd36f63e-9408-4d0a-9f19-0bd5209dc9bd%22:%91%22header_text_color%22%93} »]<p>Nos engagements pour l&rsquo;avenir</p>[/et_pb_cta][/et_pb_column][/et_pb_row][et_pb_row column_structure= »1_4,1_4,1_4,1_4&Prime; use_custom_gutter= »on » gutter_width= »1&Prime; _builder_version= »4.24.2&Prime; _module_preset= »default » global_colors_info= »{} »][et_pb_column type= »1_4&Prime; _builder_version= »4.24.2&Prime; _module_preset= »default » custom_padding= »20px|20px|20px|20px|false|false » border_width_all= »1px » border_color_all= »gcid-fd36f63e-9408-4d0a-9f19-0bd5209dc9bd » global_colors_info= »{%22gcid-fd36f63e-9408-4d0a-9f19-0bd5209dc9bd%22:%91%22border_color_all%22%93} »][et_pb_blurb title= »Fabriqué en France » image= »http://europackwine.fr/wp-content/uploads/2024/02/Fabirque-en-france.jpg » _builder_version= »4.27.0&Prime; _module_preset= »default » filter_saturate= »0% » hover_enabled= »0&Prime; global_colors_info= »{} » filter_saturate__hover_enabled= »on|hover » filter_saturate__hover= »100% » sticky_enabled= »0&Prime;]<p style="text-align: justify;">Nous assurons un circuit court avec une production de nos emballages réalisés en France.</p>[/et_pb_blurb][/et_pb_column][et_pb_column type= »1_4&Prime; _builder_version= »4.24.2&Prime; _module_preset= »default » custom_padding= »20px|20px|20px|20px|false|false » border_width_all= »1px » border_color_all= »gcid-fd36f63e-9408-4d0a-9f19-0bd5209dc9bd » global_colors_info= »{%22gcid-fd36f63e-9408-4d0a-9f19-0bd5209dc9bd%22:%91%22border_color_all%22%93} »][et_pb_blurb title= »Recyclable » image= »http://europackwine.fr/wp-content/uploads/2024/02/100-recyclage.jpg » _builder_version= »4.24.2&Prime; _module_preset= »default » filter_saturate= »0% » global_colors_info= »{} » filter_saturate__hover_enabled= »on|hover » filter_saturate__hover= »100% »]<p style="text-align: justify;">Que ce soit les coffrets ou le carton, tous nos emballages sont 100% recyclables.</p>[/et_pb_blurb][/et_pb_column][et_pb_column type= »1_4&Prime; _builder_version= »4.24.2&Prime; _module_preset= »default » custom_padding= »20px|20px|20px|20px|false|false » border_width_all= »1px » border_color_all= »gcid-fd36f63e-9408-4d0a-9f19-0bd5209dc9bd » global_colors_info= »{%22gcid-fd36f63e-9408-4d0a-9f19-0bd5209dc9bd%22:%91%22border_color_all%22%93} »][et_pb_blurb title= »Préservons les forêts » image= »http://europackwine.fr/wp-content/uploads/2024/02/3-b-USAGES-DE-LA-MARQUE-FSC-Logo-dfptpt-1.jpg » _builder_version= »4.27.0&Prime; _module_preset= »default » filter_saturate= »0% » hover_enabled= »0&Prime; global_colors_info= »{} » filter_saturate__hover_enabled= »on|hover » filter_saturate__hover= »100% » sticky_enabled= »0&Prime;]<p style="text-align: justify;"><span>Nos cartons sont produits de manière éco-responsable dans des forêts gérées durablement.</span></p>[/et_pb_blurb][/et_pb_column][et_pb_column type= »1_4&Prime; _builder_version= »4.24.2&Prime; _module_preset= »default » custom_padding= »20px|20px|20px|20px|false|false » border_width_all= »1px » border_color_all= »gcid-fd36f63e-9408-4d0a-9f19-0bd5209dc9bd » global_colors_info= »{%22gcid-fd36f63e-9408-4d0a-9f19-0bd5209dc9bd%22:%91%22border_color_all%22%93} »][et_pb_blurb title= »Réduction carbone » image= »http://europackwine.fr/wp-content/uploads/2024/03/Impact-carbon-copie.jpg » _builder_version= »4.27.0&Prime; _module_preset= »default » filter_saturate= »0% » hover_enabled= »0&Prime; global_colors_info= »{} » filter_saturate__hover_enabled= »on|hover » filter_saturate__hover= »100% » sticky_enabled= »0&Prime;]<p style="text-align: justify;">Chaque livraison, chaque transport est pensé pour limiter les voyages à vide.</p>[/et_pb_blurb][/et_pb_column][/et_pb_row][/et_pb_section]

<p>Mein Konto <div class="woocommerce"></div> Nos engagements pour l&rsquo;avenirNous assurons un circuit court avec une production de nos emballages réalisés en France.Que ce soit les coffrets ou le carton, tous nos emballages sont 100% recyclables.Nos cartons sont produits de manière éco-responsable dans des forêts gérées durablement.Chaque livraison, chaque transport est pensé pour limiter les voyages à vide.</p>
